+ 4*u. Let d be -24 + 18 - (2 + (-12)/4). Give p(d).
2
Suppose 170 = -46*q - 124*q. Let m(v) = 5*v**2 + 11*v + 10. What is m(q)?
4
Suppose 0 = 4*i - 39*i. Suppose 4*w - 153 + 147 = 5*l, i = -3*w + 4*l + 4. Let r(q) = 2*q**2 - 4*q + 5. What is r(w)?
21
Let l(q) = -q**3 - 25*q**2 - 85*q - 14. Let c(k) = -4*k**2 + 23*k + 356. Let j be c(13). Calculate l(j).
7
Suppose -6*t = -t + 4*l + 67, -2*t + 2*l = 34. Let z(h) = -12 - 9 + 21*h - 3*h - 20*h. What is z(t)?
9
Let m(r) = r + 7. Let u be m(-4). Suppose d - 2 + 5 = 0, u*b - 30 = 3*d. Let v(n) be the first derivative of -n**2/2 + 17*n - 1757. Calculate v(b).
10
Let t be 1/(-3) - 40/(-30). Let g(l) = -48*l**2 + l - 1. Determine g(t).
-48
Let d = -7219 + 7218. Let h(r) = -33*r. Give h(d).
33
Suppose 0 = -x - 5*a - 9, a + 4 = 2*x - 0*a. Let j = 347 - 344. Suppose -4*u - x = j. Let s(q) = 5*q - 1. Give s(u).
-6
Let l(x) be the third derivative of -x**5/60 - x**3/2 - 226*x**2. Suppose 5*w - 20 + 8 = -3*y, -2*y + 8 = 5*w. Give l(w).
-3
Let b(d) = 7*d + 5. Suppose -55 = -4*i + 61. Let s(m) = m**3 - 29*m**2 + 2*m - 62. Let r be s(i). Calculate b(r).
-23
Let z(q) = -3*q**2 - 2. Let v = -82 - -86. Suppose -5*p - 2*b - 2 = -3, -v*b + 8 = 4*p. Calculate z(p).
-5
Let y(a) = -3*a + 7 - 3*a - 3*a + 8*a. Suppose z - 13*z = 60. Give y(z).
12
Let x(s) = -s**3 + 4*s**2 - s - 1. Suppose -8*g - 23*g + 13516 = 0. Let d = 440 - g. What is x(d)?
-5
Let s be 9 + (-3 - -5)*-3. Let k(j) = -21*j**2 + 9*j**2 - 3*j - s + 7*j**2 + j - j**3. Determine k(-2).
-11
Let g(l) be the first derivative of 5/2*l**2 - 16 + 9*l. What is g(-9)?
-36
Suppose 0 = -3*k, 2*k - 2 - 6 = -c. Let i(j) = 2 - j + c - 12 + 3. Give i(1).
0
Let r(i) be the first derivative of -i**2/2 - 11*i - 35. Let b be 4 + -12 + 6/2. Determine r(b).
-6
Suppose -k + 4*g = -2*k - 6, -4*g - 36 = -4*k. Let u be 1*20/8*((-24 - -13) + 13). Let y(w) = -k - 5 + 4*w + 11 + u. Give y(-5).
-15
Let l(s) = -2*s - 31. Let q be l(-17). Let m(i) = -4*i**2 + i**3 - 4*i + q*i**2 + 4*i**2 + 2. What is m(-4)?
2
Suppose 0 = -36*i + 111*i + 72*i - 441. Let v(k) = 7*k**2 - 2*k - 2. What is v(i)?
55
Let q(p) be the third derivative of p**6/120 + p**5/20 - p**4/3 - 2*p**3/3 - 29*p**2 + 38. Let y = -3 + -2. Calculate q(y).
-14
Let y = -4648 + 4646. Let f(c) = -c**2 - 13*c - 26. What is f(y)?
-4
Let w(t) = -52*t + 1. Let d(i) = -86*i + 2. Let b(j) = 3*d(j) - 5*w(j). Suppose -4*l = f - 8*l - 36, 63 = 3*f - 3*l. Let h = 18 - f. Give b(h).
5
Let a(j) = -j**3 + 14*j**2 - 14*j + 13. Let z be a(13). Let g(l) = z - 3*l**2 + 5 - 5*l**2 - l**3 - 6*l + l. Give g(-7).
-9
Let b(s) = 2*s**3 - 2*s**2 - 3*s + 4. Suppose -15*w + 30*w = 0. Let z be w + 1 + 8 + -6. Calculate b(z).
31
Let l(x) = x - 18. Suppose 10*i - 138 - 142 = 0. Calculate l(i).
10
Let b(y) = 7*y**3 + 3*y**2 - 8*y + 3. Let i(d) = 9*d**3 + 2*d**2 - 8*d + 1. Let t(z) = -5*b(z) + 4*i(z). What is t(6)?
1
Let p(a) = -a**3 - 4*a**2 + 3*a - 4. Suppose -3*h + 13*n - 87 = 8*n, 4*n + 60 = -3*h. Let c be 3 - 10/3*h/(-10). What is p(c)?
6
Let b(d) = -d**2 + d**2 + 4 - 7 + 2*d - 1 - d**3. Suppose 0 = t + t - 8, -2*h - 3*t = -64. Let g = 23 - h. What is b(g)?
17
Let p(h) be the second derivative of 1/6*h**3 - 1/12*h**4 + 1/2*h**2 + 122*h + 0. Let i = 3 + -1. Calculate p(i).
-1
Let n(j) = 3*j**3 + 6*j**2 - 13*j + 12. Let l(k) = -4*k**3 - 10*k**2 + 20*k - 17. Let h(v) = -5*l(v) - 7*n(v). Determine h(6).
19
Let p(b) = 1 - 75*b + 2*b**2 - b**3 - 7 + 47*b + 34*b + b**2. Calculate p(3).
12
Let n(g) = -g + 11. Suppose u + 3*o - 14 = 0, 4*o - 4 = -5*u + 11. What is n(u)?
12
Suppose 37 - 64 = -3*d. Suppose 130 = d*q + 49. Let z(p) = -p + 15. Determine z(q).
6
Let s(r) = -17*r**3 - 2*r**2 + 6*r + 14. Let v(u) = -38*u**3 - 6*u**2 + 12*u + 28. Let y(b) = -9*s(b) + 4*v(b). Give y(6).
-50
Let n(h) = 7*h**2 + h - 2. Let a(x) be the third derivative of -x**5/5 + x**3/2 + 34*x**2. Let d(v) = -3*a(v) - 5*n(v). What is d(2)?
-5
Let o = -178 + 180. Let f(g) = -80 + 4*g**2 - 4*g**2 + g**o + 67 - g. Calculate f(0).
-13
Let k(f) = -19209*f + 5 + 57628*f - 19203*f - 19215*f. Suppose -3*x = 4*o - 7*x + 4, -4*o + 5*x = 5. Calculate k(o).
5
Suppose 530*p = -1888*p. Let w(v) = v - 12 - 2 - 6. Give w(p).
-20
Let i(q) = 20 + 11*q + 7*q + 24 - 10*q - 7*q. Give i(-5).
39
Let f(y) be the third derivative of -1/120*y**5 - 3*y**2 + 0 + 2/3*y**3 - 1/12*y**4 + 0*y. Let z(o) be the first derivative of f(o). What is z(-5)?
3
Let v = -250 - -251. Let z(r) = -11*r + 5. Let c be z(v). Let t(a) = -a**3 - 5*a**2 + 10*a + 8. Give t(c).
-16
Let a(z) = -22 + 620*z**3 - 2*z + 636*z**3 - 1255*z**3 + 13*z**2 + 0*z. What is a(-13)?
4
Let x(p) = -2*p**2 + 31*p - 105. Let a be x(9). Let n(d) = -2*d**2 + 26*d - 27. What is n(a)?
-3
Let u(g) = 4*g - 12. Suppose 77*d - 224 = 73*d. Let k = d + -52. Calculate u(k).
4
Let z(r) be the first derivative of -r**4/4 + 2*r**3/3 + 18*r**2 - 6*r + 50. Calculate z(7).
1
Let h(s) = 5*s + 20. Let r(v) = -7*v - 37. Let k(p) = -7*h(p) - 4*r(p). Calculate k(-2).
22
Suppose t - 7 - 18 = -u, -5*u - t + 105 = 0. Let c = u + -18. Let s(d) = d**2 - d + 1. Let v(a) = 6*a**2 - 4*a + 3. Let n(b) = 5*s(b) - v(b). Determine n(c).
-4
Let l(z) be the third derivative of z**5/60 + z**4/24 + z**3/6 - 3*z**2 + 109*z. Calculate l(-2).
3
Let j(d) be the first derivative of 0*d**2 - 1/120*d**5 + 26 + 1/24*d**4 + 0*d + 7/3*d**3. Let p(n) be the third derivative of j(n). Determine p(1).
0
Let u(v) = -12*v**2 - 8*v + 23. Let l(p) = -14*p**2 - 7*p + 29. Let a(c) = -3*l(c) + 4*u(c). Determine a(-3).
-16
Let y(x) = -x. Suppose 2*z = -4, 390 = -4*c - 4*z - 370. Let m(j) = -8*j + 1. Let b be m(-1). Let g be c/36 - (-2)/b. What is y(g)?
5
Let b = -1198/39 + 408/13. Let r(a) be the second derivative of 9*a + 1/3*a**4 + 3*a**2 + 0 - b*a**3 - 1/20*a**5. Determine r(4).
-10
Let z(s) = s**3 + s**2 - s. Let q = 103 + -49. Suppose 6*b = 18 - q. Let k(r) = -2*r - 10. Let v be k(b). Give z(v).
10
Suppose 0 = 6*q - 2*q + 3*w - 27, -29 = -3*q - 4*w. Let y(i) = 2*i. Let m(o) = o. Let u(n) = q*y(n) - 7*m(n). Let s be 6*(22/(-12) + 2). What is u(s)?
-1
Let j = 911 + -908. Let o be 7/(-28)*4*-3. Let p(g) = -5*g + 2 + 22*g**3 - 21*g**3 + 2*g - o*g**2. What is p(j)?
-7
Let g = -11455 + 11461. Let i(f) = -f**2 + 4*f + 12. Determine i(g).
0
Let d(h) = 1 - 5*h**2 + 248*h - 82*h - 81*h - 81*h + h**3. Let v(p) = p - 12. Let a be v(8). Let q be (3 - 7)*a/4. Calculate d(q).
1
Let c(s) = 10*s - 3. Let d(a) = 11*a - 2. Let v(n) = -5*c(n) + 4*d(n). Determine v(-5).
37
Let k(t) = 2*t - 31*t**3 + 3*t**2 + 11 + 30*t**3 + t**2. Let d be k(5). Let n(b) = b**3 + 4*b**2 - 5*b + 1. Determine n(d).
21
Let t(i) = i**3 + 7*i**2 - 8*i + 10. Suppose 0 = -u - 1, -u = -r + 3*u - 119. Let k = -118 - r. Suppose -5*b = k, -3*g + 7*b - 26 = 9*b. Determine t(g).
10
Let r(s) = 2*s**2 + s + 82. Let d = 9541 - 9541. What is r(d)?
82
Let n(c) = 27*c**2 - 10*c + 17. Let f(a) = 74*a**2 - 30*a + 51. Let x(m) = 3*f(m) - 8*n(m). Calculate x(4).
73
Let f(d) = -d**3 - 7*d**2 - 5*d + 8. Let j be f(-6). Let u be (8/6)/(1/(-3)) - -444. Let a(t) = t**3 - u - 433 - t**2 + 0*t**3 + 874. Calculate a(j).
5
Let d(u) = -6*u**2 - u. Let s = 240 - 392. Let f = -30 - s. Let c = -123 + f. Give d(c).
-5
Let t(y) = -11*y - 1. Let g(z) = 5*z. Let u(m) = 9*g(m) + 4*t(m). Let x be u(3). Let d(l) = l - 1. Let b(o) = -2*o - 9. Let w(i) = x*d(i) + b(i). What is w(-6)?
10
Let p(j) = 2*j**2 + 7*j. Suppose 10*f = 31*f + 63. Determine p(f).
-3
Let c(f) = -f**3 + 10*f**2 + f - 11. Let r(v) = 438*v - 867. Let d be r(2). Determine c(d).
79
Let m(v) = -v**2 + 13*v - 29. Let s be (30/5)/(1/((-1)/(-2))). Let f be m(s). Let l(h) = 3*h. Calculate l(f).
3
Suppose -208 = 4*d - 4*a, 215*a - 214 = 4*d + 217*a. Let q(v) = v**2 + 6*v - 1. Let j be q(5). Let p = j + d. Let c(g) = -8*g + 1. Determine c(p).
-7
Let h(u) = -u**3 - 2*u**2 + u + 2. Let b be h(0). Suppose 5*v = b*v + 9. Let l(z) = -4*z + 5*z - 4*z - v + 0*z. Calculate l(6).
-21
Let x(l) = l**3 + 24*l**2 - 27*l - 42. Let a = -18522 + 18497. Give x(a).
8
Let q(k) = 4*k**3 + 3 + 7*k**2 - k - k**3 - 2*k**3. Let y be (20/35)/(66/21 + -3). Suppose 5*z + 29 = -3*x, 2*z + 3*x = y - 12. Determine q(z).
10
Let k(t) = 5*t - 3. Let q(j) = -4*j + 3. Let a = -51 + 53. Let z(i) = a*k(i) + 3*q(i). Let b be (-4)/22 - ((-48)/22 + 8). Calculate z(b).
15
Let 